{"id":36996,"date":"2019-08-19T09:39:50","date_gmt":"2019-08-19T12:39:50","guid":{"rendered":"https:\/\/sindenfermeiro.com.br\/?page_id=36996"},"modified":"2021-10-15T11:42:46","modified_gmt":"2021-10-15T14:42:46","slug":"filiacao","status":"publish","type":"page","link":"https:\/\/sindenfermeiro.com.br\/index.php\/filiacao\/","title":{"rendered":"Filiacao"},"content":{"rendered":"<section class=\"kc-elm kc-css-253877 kc_row\"><div class=\"kc-row-container  kc-container\"><div class=\"kc-wrap-columns\"><div class=\"kc-elm kc-css-795087 kc_col-sm-12 kc_column kc_col-sm-12\"><div class=\"kc-col-container\"><div class=\"kc-elm kc-css-993706 kc_text_block\"><\/p>\n<h3 class=\"text-left title-page-intern\">Escolha a Filia\u00e7\u00e3o<\/h3>\n<div class=\"page-content-destaq\">\n<p><strong>Siga os passos abaixo:<\/strong><\/p>\n<p>Para filiar-se basta escolher uma das op\u00e7\u00f5es abaixo.<\/p>\n<\/div>\n<div class=\"sub-title-intern\"><i class=\"fas fa-caret-right\"><\/i><a href=\"https:\/\/sindenfermeiro.com.br\/index.php\/atualizacao-de-cadastro\/\" target=\"_blanck\" rel=\"noopener noreferrer\"> Atualiza\u00e7\u00e3o de cadastro<\/a><\/div>\n<div class=\"sub-title-intern\"><i class=\"fas fa-caret-right\"><\/i> <a href=\"https:\/\/sindenfermeiro.com.br\/index.php\/filia-se\/\" target=\"_blanck\" rel=\"noopener noreferrer\">Filia\u00e7\u00e3o Rede P\u00fablica<\/a><\/div>\n<div class=\"sub-title-intern\"><i class=\"fas fa-caret-right\"><\/i> <a href=\"https:\/\/sindenfermeiro.com.br\/index.php\/filia-se\/\" target=\"_blanck\" rel=\"noopener noreferrer\">Filia\u00e7\u00e3o Rede Privada<\/a><\/div>\n<div class=\"sub-title-intern\"><i class=\"fas fa-caret-right\"><\/i> <a href=\"https:\/\/sindenfermeiro.com.br\/index.php\/filiacao-iges\/\" target=\"_blanck\" rel=\"noopener noreferrer\">Filia\u00e7\u00e3o IGES<\/a><\/div>\n<p>\n<\/div><\/div><\/div><\/div><\/div><\/section>\n","protected":false},"excerpt":{"rendered":"","protected":false},"author":6,"featured_media":0,"parent":0,"menu_order":0,"comment_status":"closed","ping_status":"closed","template":"","meta":{"footnotes":""},"class_list":["post-36996","page","type-page","status-publish","hentry"],"_links":{"self":[{"href":"https:\/\/sindenfermeiro.com.br\/index.php\/wp-json\/wp\/v2\/pages\/36996","targetHints":{"allow":["GET"]}}],"collection":[{"href":"https:\/\/sindenfermeiro.com.br\/index.php\/wp-json\/wp\/v2\/pages"}],"about":[{"href":"https:\/\/sindenfermeiro.com.br\/index.php\/wp-json\/wp\/v2\/types\/page"}],"author":[{"embeddable":true,"href":"https:\/\/sindenfermeiro.com.br\/index.php\/wp-json\/wp\/v2\/users\/6"}],"replies":[{"embeddable":true,"href":"https:\/\/sindenfermeiro.com.br\/index.php\/wp-json\/wp\/v2\/comments?post=36996"}],"version-history":[{"count":14,"href":"https:\/\/sindenfermeiro.com.br\/index.php\/wp-json\/wp\/v2\/pages\/36996\/revisions"}],"predecessor-version":[{"id":42455,"href":"https:\/\/sindenfermeiro.com.br\/index.php\/wp-json\/wp\/v2\/pages\/36996\/revisions\/42455"}],"wp:attachment":[{"href":"https:\/\/sindenfermeiro.com.br\/index.php\/wp-json\/wp\/v2\/media?parent=36996"}],"curies":[{"name":"wp","href":"https:\/\/api.w.org\/{rel}","templated":true}]}}