{"id":40521,"date":"2020-10-19T19:45:09","date_gmt":"2020-10-19T22:45:09","guid":{"rendered":"https:\/\/sindenfermeiro.com.br\/?post_type=te_announcements&#038;p=40521"},"modified":"2026-04-26T12:24:06","modified_gmt":"2026-04-26T15:24:06","slug":"forca-tarefa-da-saude","status":"publish","type":"te_announcements","link":"https:\/\/sindenfermeiro.com.br\/index.php\/announcement\/forca-tarefa-da-saude\/","title":{"rendered":"For\u00e7a Tarefa da Sa\u00fade"},"content":{"rendered":"<p>Com a inten\u00e7\u00e3o de fiscalizar as condi\u00e7\u00f5es de trabalho dos profissionais da<br \/>\nenfermagem e da sa\u00fade, o SindEnfermeiro, COREN-DF, Minist\u00e9rio P\u00fablico,<br \/>\nOAB-DF e outras entidades representativas dos trabalhadores da sa\u00fade criam<br \/>\num grupo de trabalho para verificar tamb\u00e9m o abastecimento de insumos,<br \/>\nmedicamentos e for\u00e7a de trabalho, al\u00e9m do n\u00famero de leitos, condi\u00e7\u00f5es<br \/>\nestruturais e de atendimento \u00e0 popula\u00e7\u00e3o.<\/p>\n","protected":false},"parent":0,"template":"","class_list":["post-40521","te_announcements","type-te_announcements","status-publish","hentry"],"announcement_date":"Announcement Date: 09\/12\/2019","announcement_image":false,"_links":{"self":[{"href":"https:\/\/sindenfermeiro.com.br\/index.php\/wp-json\/wp\/v2\/announcement\/40521","targetHints":{"allow":["GET"]}}],"collection":[{"href":"https:\/\/sindenfermeiro.com.br\/index.php\/wp-json\/wp\/v2\/announcement"}],"about":[{"href":"https:\/\/sindenfermeiro.com.br\/index.php\/wp-json\/wp\/v2\/types\/te_announcements"}],"wp:attachment":[{"href":"https:\/\/sindenfermeiro.com.br\/index.php\/wp-json\/wp\/v2\/media?parent=40521"}],"curies":[{"name":"wp","href":"https:\/\/api.w.org\/{rel}","templated":true}]}}

Força Tarefa da Saúde

<p>Com a intenção de fiscalizar as condições de trabalho dos profissionais da<br />
enfermagem e da saúde, o SindEnfermeiro, COREN-DF, Ministério Público,<br />
OAB-DF e outras entidades representativas dos trabalhadores da saúde criam<br />
um grupo de trabalho para verificar também o abastecimento de insumos,<br />
medicamentos e força de trabalho, além do número de leitos, condições<br />
estruturais e de atendimento à população.</p>
