{"id":40520,"date":"2020-10-19T19:43:37","date_gmt":"2020-10-19T22:43:37","guid":{"rendered":"https:\/\/sindenfermeiro.com.br\/?post_type=te_announcements&#038;p=40520"},"modified":"2026-04-26T12:24:45","modified_gmt":"2026-04-26T15:24:45","slug":"acordo-coletivo-igesdf","status":"publish","type":"te_announcements","link":"https:\/\/sindenfermeiro.com.br\/index.php\/announcement\/acordo-coletivo-igesdf\/","title":{"rendered":"Acordo Coletivo IGESDF"},"content":{"rendered":"<p>Mesmo tendo se colocado em posi\u00e7\u00e3o contr\u00e1ria \u00e0 cria\u00e7\u00e3o do IGESDF, o<br \/>\nsindicato negociou com a dire\u00e7\u00e3o do instituto o Acordo Coletivo de Trabalho<br \/>\ndos enfermeiros que trabalham na institui\u00e7\u00e3o.<\/p>\n","protected":false},"parent":0,"template":"","class_list":["post-40520","te_announcements","type-te_announcements","status-publish","hentry"],"announcement_date":"Announcement Date: 26\/09\/2019","announcement_image":false,"_links":{"self":[{"href":"https:\/\/sindenfermeiro.com.br\/index.php\/wp-json\/wp\/v2\/announcement\/40520","targetHints":{"allow":["GET"]}}],"collection":[{"href":"https:\/\/sindenfermeiro.com.br\/index.php\/wp-json\/wp\/v2\/announcement"}],"about":[{"href":"https:\/\/sindenfermeiro.com.br\/index.php\/wp-json\/wp\/v2\/types\/te_announcements"}],"wp:attachment":[{"href":"https:\/\/sindenfermeiro.com.br\/index.php\/wp-json\/wp\/v2\/media?parent=40520"}],"curies":[{"name":"wp","href":"https:\/\/api.w.org\/{rel}","templated":true}]}}

<p>Mesmo tendo se colocado em posição contrária à criação do IGESDF, o<br />
sindicato negociou com a direção do instituto o Acordo Coletivo de Trabalho<br />
dos enfermeiros que trabalham na instituição.</p>
