{"id":40519,"date":"2020-10-19T19:42:11","date_gmt":"2020-10-19T22:42:11","guid":{"rendered":"https:\/\/sindenfermeiro.com.br\/?post_type=te_announcements&#038;p=40519"},"modified":"2026-04-26T13:41:28","modified_gmt":"2026-04-26T16:41:28","slug":"ato-nacional-em-defesa-do-sus","status":"publish","type":"te_announcements","link":"https:\/\/sindenfermeiro.com.br\/index.php\/announcement\/ato-nacional-em-defesa-do-sus\/","title":{"rendered":"Ato Nacional em defesa do SUS"},"content":{"rendered":"<p>O Ato Nacional Unificado em defesa do Sistema \u00danico de Sa\u00fade (SUS)<br \/>\naconteceu em frente ao Museu da Rep\u00fablica e reuniu a diretoria do<br \/>\nSindEnfermeiro, \u00a0os integrantes da 16\u00aa Confer\u00eancia Nacional de Sa\u00fade, al\u00e9m<br \/>\nde estudantes, entidades sindicais e parlamentares. A manifesta\u00e7\u00e3o fez parte<br \/>\nda 16\u00aa Confer\u00eancia Nacional de Sa\u00fade, que aconteceu em Bras\u00edlia. As<br \/>\nConfer\u00eancias de Sa\u00fade acontecem de quatro em quatro ano e re\u00fanem<br \/>\ngestores, profissionais de sa\u00fade e usu\u00e1rios do SUS. O tema da 16\u00aa foi<br \/>\n\u201cDemocracia e Sa\u00fade\u201d, al\u00e9m disso, a confer\u00eancia teve tr\u00eas eixos: sa\u00fade como<br \/>\ndireito, consolida\u00e7\u00e3o dos princ\u00edpios e financiamento do SUS.<\/p>\n","protected":false},"parent":0,"template":"","class_list":["post-40519","te_announcements","type-te_announcements","status-publish","hentry"],"announcement_date":"Announcement Date: 06\/08\/2019","announcement_image":false,"_links":{"self":[{"href":"https:\/\/sindenfermeiro.com.br\/index.php\/wp-json\/wp\/v2\/announcement\/40519","targetHints":{"allow":["GET"]}}],"collection":[{"href":"https:\/\/sindenfermeiro.com.br\/index.php\/wp-json\/wp\/v2\/announcement"}],"about":[{"href":"https:\/\/sindenfermeiro.com.br\/index.php\/wp-json\/wp\/v2\/types\/te_announcements"}],"wp:attachment":[{"href":"https:\/\/sindenfermeiro.com.br\/index.php\/wp-json\/wp\/v2\/media?parent=40519"}],"curies":[{"name":"wp","href":"https:\/\/api.w.org\/{rel}","templated":true}]}}

<p>O Ato Nacional Unificado em defesa do Sistema Único de Saúde (SUS)<br />
aconteceu em frente ao Museu da República e reuniu a diretoria do<br />
SindEnfermeiro,  os integrantes da 16ª Conferência Nacional de Saúde, além<br />
de estudantes, entidades sindicais e parlamentares. A manifestação fez parte<br />
da 16ª Conferência Nacional de Saúde, que aconteceu em Brasília. As<br />
Conferências de Saúde acontecem de quatro em quatro ano e reúnem<br />
gestores, profissionais de saúde e usuários do SUS. O tema da 16ª foi<br />
“Democracia e Saúde”, além disso, a conferência teve três eixos: saúde como<br />
direito, consolidação dos princípios e financiamento do SUS.</p>
