{"id":40518,"date":"2020-10-19T19:40:51","date_gmt":"2020-10-19T22:40:51","guid":{"rendered":"https:\/\/sindenfermeiro.com.br\/?post_type=te_announcements&#038;p=40518"},"modified":"2026-04-26T12:53:09","modified_gmt":"2026-04-26T15:53:09","slug":"forca-tarefa-pela-aposentadoria-especial","status":"publish","type":"te_announcements","link":"https:\/\/sindenfermeiro.com.br\/index.php\/announcement\/forca-tarefa-pela-aposentadoria-especial\/","title":{"rendered":"For\u00e7a tarefa pela aposentadoria especial"},"content":{"rendered":"<p>O sindicato apoiou a a\u00e7\u00e3o realizada pelo Cofen, Coren-DF e v\u00e1rios parceiros<br \/>\nda enfermagem, com destaque ao enfermeiro Adriano Ara\u00fajo, que formaram<br \/>\numa verdadeira for\u00e7a tarefa para coletar a assinatura de deputados federais<br \/>\npara que seja apresentada uma emenda ao Projeto da Reforma Trabalhista,<br \/>\nque garanta a aposentadoria especial para a enfermagem.<\/p>\n","protected":false},"parent":0,"template":"","class_list":["post-40518","te_announcements","type-te_announcements","status-publish","hentry"],"announcement_date":"Announcement Date: 17\/05\/2019","announcement_image":false,"_links":{"self":[{"href":"https:\/\/sindenfermeiro.com.br\/index.php\/wp-json\/wp\/v2\/announcement\/40518","targetHints":{"allow":["GET"]}}],"collection":[{"href":"https:\/\/sindenfermeiro.com.br\/index.php\/wp-json\/wp\/v2\/announcement"}],"about":[{"href":"https:\/\/sindenfermeiro.com.br\/index.php\/wp-json\/wp\/v2\/types\/te_announcements"}],"wp:attachment":[{"href":"https:\/\/sindenfermeiro.com.br\/index.php\/wp-json\/wp\/v2\/media?parent=40518"}],"curies":[{"name":"wp","href":"https:\/\/api.w.org\/{rel}","templated":true}]}}

Força tarefa pela aposentadoria especial

<p>O sindicato apoiou a ação realizada pelo Cofen, Coren-DF e vários parceiros<br />
da enfermagem, com destaque ao enfermeiro Adriano Araújo, que formaram<br />
uma verdadeira força tarefa para coletar a assinatura de deputados federais<br />
para que seja apresentada uma emenda ao Projeto da Reforma Trabalhista,<br />
que garanta a aposentadoria especial para a enfermagem.</p>
