{"id":40517,"date":"2020-10-19T19:39:04","date_gmt":"2020-10-19T22:39:04","guid":{"rendered":"https:\/\/sindenfermeiro.com.br\/?post_type=te_announcements&#038;p=40517"},"modified":"2026-04-26T12:40:59","modified_gmt":"2026-04-26T15:40:59","slug":"pagamento-das-gratificacoes-de-preceptorias-defasadas","status":"publish","type":"te_announcements","link":"https:\/\/sindenfermeiro.com.br\/index.php\/announcement\/pagamento-das-gratificacoes-de-preceptorias-defasadas\/","title":{"rendered":"Pagamento das gratifica\u00e7\u00f5es de preceptorias defasadas"},"content":{"rendered":"<p>O SindEnfermeiro-DF recebeu a primeira decis\u00e3o favor\u00e1vel no julgamento dos<br \/>\nrecursos solicitados pelo Governo do Distrito Federal (GDF) nas a\u00e7\u00f5es relativas<br \/>\n\u00e0s Gratifica\u00e7\u00f5es de Preceptoria. O parecer manteve a senten\u00e7a que obrigava o<br \/>\nExecutivo a realizar o pagamento dos valores atualizados das gratifica\u00e7\u00f5es.<\/p>\n","protected":false},"parent":0,"template":"","class_list":["post-40517","te_announcements","type-te_announcements","status-publish","hentry"],"announcement_date":"Announcement Date: 24\/05\/2019","announcement_image":false,"_links":{"self":[{"href":"https:\/\/sindenfermeiro.com.br\/index.php\/wp-json\/wp\/v2\/announcement\/40517","targetHints":{"allow":["GET"]}}],"collection":[{"href":"https:\/\/sindenfermeiro.com.br\/index.php\/wp-json\/wp\/v2\/announcement"}],"about":[{"href":"https:\/\/sindenfermeiro.com.br\/index.php\/wp-json\/wp\/v2\/types\/te_announcements"}],"wp:attachment":[{"href":"https:\/\/sindenfermeiro.com.br\/index.php\/wp-json\/wp\/v2\/media?parent=40517"}],"curies":[{"name":"wp","href":"https:\/\/api.w.org\/{rel}","templated":true}]}}

Pagamento das gratificações de preceptorias defasadas

<p>O SindEnfermeiro-DF recebeu a primeira decisão favorável no julgamento dos<br />
recursos solicitados pelo Governo do Distrito Federal (GDF) nas ações relativas<br />
às Gratificações de Preceptoria. O parecer manteve a sentença que obrigava o<br />
Executivo a realizar o pagamento dos valores atualizados das gratificações.</p>
