{"id":40516,"date":"2020-10-19T19:38:06","date_gmt":"2020-10-19T22:38:06","guid":{"rendered":"https:\/\/sindenfermeiro.com.br\/?post_type=te_announcements&#038;p=40516"},"modified":"2026-04-26T12:40:56","modified_gmt":"2026-04-26T15:40:56","slug":"1o-seminario-sobre-saude-do-trabalhador","status":"publish","type":"te_announcements","link":"https:\/\/sindenfermeiro.com.br\/index.php\/announcement\/1o-seminario-sobre-saude-do-trabalhador\/","title":{"rendered":"1\u00ba Semin\u00e1rio sobre Sa\u00fade do Trabalhador"},"content":{"rendered":"<p>Evento teve como inten\u00e7\u00e3o compreender a enfermagem como pr\u00e1tica social e<br \/>\nsuas consequ\u00eancias para as rela\u00e7\u00f5es de trabalho e sa\u00fade. O semin\u00e1rio<br \/>\naconteceu no audit\u00f3rio da Sede Nacional da Associa\u00e7\u00e3o Brasileira de<br \/>\nEnfermagem (ABEn) e contou com a presen\u00e7a de enfermeiros, professores e<br \/>\nestudantes de enfermagem. Al\u00e9m disso, o 1\u00ba Semin\u00e1rio sobre Sa\u00fade do<br \/>\nTrabalhador fez parte da 80\u00aa Semana Brasileira de Enfermagem.<\/p>\n","protected":false},"parent":0,"template":"","class_list":["post-40516","te_announcements","type-te_announcements","status-publish","hentry"],"announcement_date":"Announcement Date: 14\/05\/2019","announcement_image":false,"_links":{"self":[{"href":"https:\/\/sindenfermeiro.com.br\/index.php\/wp-json\/wp\/v2\/announcement\/40516","targetHints":{"allow":["GET"]}}],"collection":[{"href":"https:\/\/sindenfermeiro.com.br\/index.php\/wp-json\/wp\/v2\/announcement"}],"about":[{"href":"https:\/\/sindenfermeiro.com.br\/index.php\/wp-json\/wp\/v2\/types\/te_announcements"}],"wp:attachment":[{"href":"https:\/\/sindenfermeiro.com.br\/index.php\/wp-json\/wp\/v2\/media?parent=40516"}],"curies":[{"name":"wp","href":"https:\/\/api.w.org\/{rel}","templated":true}]}}

1º Seminário sobre Saúde do Trabalhador

<p>Evento teve como intenção compreender a enfermagem como prática social e<br />
suas consequências para as relações de trabalho e saúde. O seminário<br />
aconteceu no auditório da Sede Nacional da Associação Brasileira de<br />
Enfermagem (ABEn) e contou com a presença de enfermeiros, professores e<br />
estudantes de enfermagem. Além disso, o 1º Seminário sobre Saúde do<br />
Trabalhador fez parte da 80ª Semana Brasileira de Enfermagem.</p>
