{"id":40514,"date":"2020-10-19T19:33:42","date_gmt":"2020-10-19T22:33:42","guid":{"rendered":"https:\/\/sindenfermeiro.com.br\/?post_type=te_announcements&#038;p=40514"},"modified":"2026-04-26T12:51:43","modified_gmt":"2026-04-26T15:51:43","slug":"ato-unificado-em-defesa-da-saude","status":"publish","type":"te_announcements","link":"https:\/\/sindenfermeiro.com.br\/index.php\/announcement\/ato-unificado-em-defesa-da-saude\/","title":{"rendered":"Ato Unificado em Defesa da Sa\u00fade"},"content":{"rendered":"<p>O SindEnfermeiro encabe\u00e7ou a mobiliza\u00e7\u00e3o unificada contra a privatiza\u00e7\u00e3o da<br \/>\nsa\u00fade no Distrito Federal e a expans\u00e3o do modelo de gest\u00e3o e cria\u00e7\u00e3o do<br \/>\nInstituto de Gest\u00e3o Estrat\u00e9gica de Sa\u00fade do Distrito Federal (IGESDF),<br \/>\nrespons\u00e1vel pelos hospitais de Base e Santa Maria, al\u00e9m da Unidades de<br \/>\nPronto Atendimento. O Ato aconteceu na C\u00e2mara Legislativa do DF e reuniu<br \/>\ncentenas de trabalhadores da sa\u00fade.<\/p>\n","protected":false},"parent":0,"template":"","class_list":["post-40514","te_announcements","type-te_announcements","status-publish","hentry"],"announcement_date":"Announcement Date: 23\/01\/2019","announcement_image":false,"_links":{"self":[{"href":"https:\/\/sindenfermeiro.com.br\/index.php\/wp-json\/wp\/v2\/announcement\/40514","targetHints":{"allow":["GET"]}}],"collection":[{"href":"https:\/\/sindenfermeiro.com.br\/index.php\/wp-json\/wp\/v2\/announcement"}],"about":[{"href":"https:\/\/sindenfermeiro.com.br\/index.php\/wp-json\/wp\/v2\/types\/te_announcements"}],"wp:attachment":[{"href":"https:\/\/sindenfermeiro.com.br\/index.php\/wp-json\/wp\/v2\/media?parent=40514"}],"curies":[{"name":"wp","href":"https:\/\/api.w.org\/{rel}","templated":true}]}}

Ato Unificado em Defesa da Saúde

<p>O SindEnfermeiro encabeçou a mobilização unificada contra a privatização da<br />
saúde no Distrito Federal e a expansão do modelo de gestão e criação do<br />
Instituto de Gestão Estratégica de Saúde do Distrito Federal (IGESDF),<br />
responsável pelos hospitais de Base e Santa Maria, além da Unidades de<br />
Pronto Atendimento. O Ato aconteceu na Câmara Legislativa do DF e reuniu<br />
centenas de trabalhadores da saúde.</p>
