{"id":40511,"date":"2020-10-19T19:12:43","date_gmt":"2020-10-19T22:12:43","guid":{"rendered":"https:\/\/sindenfermeiro.com.br\/?post_type=te_announcements&#038;p=40511"},"modified":"2026-04-26T12:51:43","modified_gmt":"2026-04-26T15:51:43","slug":"aprovacao-do-projeto-das-18-horas","status":"publish","type":"te_announcements","link":"https:\/\/sindenfermeiro.com.br\/index.php\/announcement\/aprovacao-do-projeto-das-18-horas\/","title":{"rendered":"Aprova\u00e7\u00e3o do Projeto das 18 horas"},"content":{"rendered":"<p style=\"text-align: left\">A C\u00e2mara Legislativa do Distrito Federal (CLDF) aprovou, nessa quinta (19),<br \/>\npor unanimidade, o projeto de lei (PL 1.992\/2018) que permite jornada de 18<br \/>\nhoras cont\u00ednuas. Em contraponto, o PL estabelece remunera\u00e7\u00e3o fixa para as<br \/>\nhoras extras de todos os servidores do mesmo cargo, independentemente dos<br \/>\nanos de trabalho dos profissionais. O que barateia a hora extra dos<br \/>\ntrabalhadores. A modalidade, chamada de Trabalho em Per\u00edodo Definido<br \/>\n(TPD), foi a alternativa encontrada por parlamentares e Executivo para garantir<br \/>\no funcionamento das unidades da rede p\u00fablica e da Escola Superior de<br \/>\nCi\u00eancias da Sa\u00fade (ESCS), diante das amea\u00e7as do Governo do Distrito<br \/>\nFederal (GDF) de fechar servi\u00e7os.<\/p>\n","protected":false},"parent":0,"template":"","class_list":["post-40511","te_announcements","type-te_announcements","status-publish","hentry"],"announcement_date":"Announcement Date: 20\/04\/2018","announcement_image":false,"_links":{"self":[{"href":"https:\/\/sindenfermeiro.com.br\/index.php\/wp-json\/wp\/v2\/announcement\/40511","targetHints":{"allow":["GET"]}}],"collection":[{"href":"https:\/\/sindenfermeiro.com.br\/index.php\/wp-json\/wp\/v2\/announcement"}],"about":[{"href":"https:\/\/sindenfermeiro.com.br\/index.php\/wp-json\/wp\/v2\/types\/te_announcements"}],"wp:attachment":[{"href":"https:\/\/sindenfermeiro.com.br\/index.php\/wp-json\/wp\/v2\/media?parent=40511"}],"curies":[{"name":"wp","href":"https:\/\/api.w.org\/{rel}","templated":true}]}}

Aprovação do Projeto das 18 horas

<p style="text-align: left">A Câmara Legislativa do Distrito Federal (CLDF) aprovou, nessa quinta (19),<br />
por unanimidade, o projeto de lei (PL 1.992/2018) que permite jornada de 18<br />
horas contínuas. Em contraponto, o PL estabelece remuneração fixa para as<br />
horas extras de todos os servidores do mesmo cargo, independentemente dos<br />
anos de trabalho dos profissionais. O que barateia a hora extra dos<br />
trabalhadores. A modalidade, chamada de Trabalho em Período Definido<br />
(TPD), foi a alternativa encontrada por parlamentares e Executivo para garantir<br />
o funcionamento das unidades da rede pública e da Escola Superior de<br />
Ciências da Saúde (ESCS), diante das ameaças do Governo do Distrito<br />
Federal (GDF) de fechar serviços.</p>
