{"id":30369,"date":"2019-08-15T09:51:27","date_gmt":"2019-08-15T12:51:27","guid":{"rendered":"https:\/\/sindenfermeiro.com.br\/?post_type=te_announcements&#038;p=30369"},"modified":"2026-04-26T12:53:09","modified_gmt":"2026-04-26T15:53:09","slug":"2017-regulamentacao-de-carreiras-e-concurso-para-especialistas","status":"publish","type":"te_announcements","link":"https:\/\/sindenfermeiro.com.br\/index.php\/announcement\/2017-regulamentacao-de-carreiras-e-concurso-para-especialistas\/","title":{"rendered":"Regulamenta\u00e7\u00e3o de carreiras e concurso para especialistas"},"content":{"rendered":"<p>Atrav\u00e9s da articula\u00e7\u00e3o da Frente \u00danica da Enfermagem (FUEnf) junto aos poderes competentes, as especialidades de enfermeiro obstetra e de fam\u00edlia e comunidade s\u00e3o regulamentadas pela Portaria Conjunta (74\/2017) \u2013 das Secretarias de Planejamento e Sa\u00fade.<br \/>\nA demanda surge concomitante ao estabelecimento do Centro de Parto Normal (CPN), no Gama, e a regulamenta\u00e7\u00e3o proporciona, ao enfermeiro, a alternativa de trabalhar em sua \u00e1rea de especializa\u00e7\u00e3o.<br \/>\nEm seguida, a Portaria n\u00ba 685, de 28 de dezembro de 2017, da Secretaria de Planejamento (SEPLAN), autoriza a Secretaria de Sa\u00fade (SES) a realizar concurso p\u00fablico para as epecialidades de enfermeiro obstetra e de fam\u00edlia e comunidade.<\/p>\n","protected":false},"parent":0,"template":"","class_list":["post-30369","te_announcements","type-te_announcements","status-publish","hentry"],"announcement_date":"Announcement Date: 11\/01\/2017","announcement_image":false,"_links":{"self":[{"href":"https:\/\/sindenfermeiro.com.br\/index.php\/wp-json\/wp\/v2\/announcement\/30369","targetHints":{"allow":["GET"]}}],"collection":[{"href":"https:\/\/sindenfermeiro.com.br\/index.php\/wp-json\/wp\/v2\/announcement"}],"about":[{"href":"https:\/\/sindenfermeiro.com.br\/index.php\/wp-json\/wp\/v2\/types\/te_announcements"}],"wp:attachment":[{"href":"https:\/\/sindenfermeiro.com.br\/index.php\/wp-json\/wp\/v2\/media?parent=30369"}],"curies":[{"name":"wp","href":"https:\/\/api.w.org\/{rel}","templated":true}]}}

Regulamentação de carreiras e concurso para especialistas

<p>Através da articulação da Frente Única da Enfermagem (FUEnf) junto aos poderes competentes, as especialidades de enfermeiro obstetra e de família e comunidade são regulamentadas pela Portaria Conjunta (74/2017) – das Secretarias de Planejamento e Saúde.<br />
A demanda surge concomitante ao estabelecimento do Centro de Parto Normal (CPN), no Gama, e a regulamentação proporciona, ao enfermeiro, a alternativa de trabalhar em sua área de especialização.<br />
Em seguida, a Portaria nº 685, de 28 de dezembro de 2017, da Secretaria de Planejamento (SEPLAN), autoriza a Secretaria de Saúde (SES) a realizar concurso público para as epecialidades de enfermeiro obstetra e de família e comunidade.</p>
