{"id":30367,"date":"2019-08-15T09:49:23","date_gmt":"2019-08-15T12:49:23","guid":{"rendered":"https:\/\/sindenfermeiro.com.br\/?post_type=te_announcements&#038;p=30367"},"modified":"2026-04-26T12:39:50","modified_gmt":"2026-04-26T15:39:50","slug":"2017-mobilizacao-pela-aposentadoria-especial","status":"publish","type":"te_announcements","link":"https:\/\/sindenfermeiro.com.br\/index.php\/announcement\/2017-mobilizacao-pela-aposentadoria-especial\/","title":{"rendered":"Mobiliza\u00e7\u00e3o pela aposentadoria especial"},"content":{"rendered":"<p>O SindEnfermeiro-DF representa a categoria, em audi\u00eancia p\u00fablica, na Comiss\u00e3o de Direitos Humanos e Legisla\u00e7\u00e3o Participativa do Senado (CDH), sobre Projeto de Lei (PLS) 349\/2016, que estabelece aposentadoria especial para o enfermeiro &#8211; ap\u00f3s 25 anos de contribui\u00e7\u00e3o -, recebendo 100% do sal\u00e1rio de benef\u00edcio.<\/p>\n","protected":false},"parent":0,"template":"","class_list":["post-30367","te_announcements","type-te_announcements","status-publish","hentry"],"announcement_date":"Announcement Date: 02\/01\/2017","announcement_image":false,"_links":{"self":[{"href":"https:\/\/sindenfermeiro.com.br\/index.php\/wp-json\/wp\/v2\/announcement\/30367","targetHints":{"allow":["GET"]}}],"collection":[{"href":"https:\/\/sindenfermeiro.com.br\/index.php\/wp-json\/wp\/v2\/announcement"}],"about":[{"href":"https:\/\/sindenfermeiro.com.br\/index.php\/wp-json\/wp\/v2\/types\/te_announcements"}],"wp:attachment":[{"href":"https:\/\/sindenfermeiro.com.br\/index.php\/wp-json\/wp\/v2\/media?parent=30367"}],"curies":[{"name":"wp","href":"https:\/\/api.w.org\/{rel}","templated":true}]}}

Mobilização pela aposentadoria especial

<p>O SindEnfermeiro-DF representa a categoria, em audiência pública, na Comissão de Direitos Humanos e Legislação Participativa do Senado (CDH), sobre Projeto de Lei (PLS) 349/2016, que estabelece aposentadoria especial para o enfermeiro &#8211; após 25 anos de contribuição -, recebendo 100% do salário de benefício.</p>
