{"id":30354,"date":"2019-08-15T09:48:14","date_gmt":"2019-08-15T12:48:14","guid":{"rendered":"https:\/\/sindenfermeiro.com.br\/?post_type=te_announcements&#038;p=30354"},"modified":"2026-04-26T12:41:08","modified_gmt":"2026-04-26T15:41:08","slug":"2017-lei-do-descanso-digno","status":"publish","type":"te_announcements","link":"https:\/\/sindenfermeiro.com.br\/index.php\/announcement\/2017-lei-do-descanso-digno\/","title":{"rendered":"Lei do Descanso Digno"},"content":{"rendered":"<p>Articula\u00e7\u00e3o do sindicato contribui para aprova\u00e7\u00e3o da Lei do Descanso Digno. O projeto de lei 1.147\/16 obriga institui\u00e7\u00f5es de sa\u00fade (p\u00fablicas e privadas) a oferecerem estrutura de descanso adequadas para os profissionais de Enfermagem do DF.<\/p>\n","protected":false},"parent":0,"template":"","class_list":["post-30354","te_announcements","type-te_announcements","status-publish","hentry"],"announcement_date":"Announcement Date: 04\/01\/2017","announcement_image":false,"_links":{"self":[{"href":"https:\/\/sindenfermeiro.com.br\/index.php\/wp-json\/wp\/v2\/announcement\/30354","targetHints":{"allow":["GET"]}}],"collection":[{"href":"https:\/\/sindenfermeiro.com.br\/index.php\/wp-json\/wp\/v2\/announcement"}],"about":[{"href":"https:\/\/sindenfermeiro.com.br\/index.php\/wp-json\/wp\/v2\/types\/te_announcements"}],"wp:attachment":[{"href":"https:\/\/sindenfermeiro.com.br\/index.php\/wp-json\/wp\/v2\/media?parent=30354"}],"curies":[{"name":"wp","href":"https:\/\/api.w.org\/{rel}","templated":true}]}}

<p>Articulação do sindicato contribui para aprovação da Lei do Descanso Digno. O projeto de lei 1.147/16 obriga instituições de saúde (públicas e privadas) a oferecerem estrutura de descanso adequadas para os profissionais de Enfermagem do DF.</p>
