{"id":30331,"date":"2019-08-15T09:47:09","date_gmt":"2019-08-15T12:47:09","guid":{"rendered":"https:\/\/sindenfermeiro.com.br\/?post_type=te_announcements&#038;p=30331"},"modified":"2026-04-26T10:57:54","modified_gmt":"2026-04-26T13:57:54","slug":"2017-gtit","status":"publish","type":"te_announcements","link":"https:\/\/sindenfermeiro.com.br\/index.php\/announcement\/2017-gtit\/","title":{"rendered":"GTIT"},"content":{"rendered":"<p>A\u00e7\u00e3o ajuizada pelo SinEnfermeiro-DF garante a manuten\u00e7\u00e3o da Gratifica\u00e7\u00e3o por Titula\u00e7\u00e3o (GTIT) &#8211; at\u00e9 30% dos vencimentos &#8211; aos Enfermeiros. O benef\u00edcio havia sido indevidamente supenso pela Secretaria de Sa\u00fade (SES).<\/p>\n","protected":false},"parent":0,"template":"","class_list":["post-30331","te_announcements","type-te_announcements","status-publish","hentry"],"announcement_date":"Announcement Date: 06\/01\/2017","announcement_image":false,"_links":{"self":[{"href":"https:\/\/sindenfermeiro.com.br\/index.php\/wp-json\/wp\/v2\/announcement\/30331","targetHints":{"allow":["GET"]}}],"collection":[{"href":"https:\/\/sindenfermeiro.com.br\/index.php\/wp-json\/wp\/v2\/announcement"}],"about":[{"href":"https:\/\/sindenfermeiro.com.br\/index.php\/wp-json\/wp\/v2\/types\/te_announcements"}],"wp:attachment":[{"href":"https:\/\/sindenfermeiro.com.br\/index.php\/wp-json\/wp\/v2\/media?parent=30331"}],"curies":[{"name":"wp","href":"https:\/\/api.w.org\/{rel}","templated":true}]}}

<p>Ação ajuizada pelo SinEnfermeiro-DF garante a manutenção da Gratificação por Titulação (GTIT) &#8211; até 30% dos vencimentos &#8211; aos Enfermeiros. O benefício havia sido indevidamente supenso pela Secretaria de Saúde (SES).</p>
