{"id":30272,"date":"2019-08-15T09:44:50","date_gmt":"2019-08-15T12:44:50","guid":{"rendered":"https:\/\/sindenfermeiro.com.br\/?post_type=te_announcements&#038;p=30272"},"modified":"2026-04-26T12:24:06","modified_gmt":"2026-04-26T15:24:06","slug":"2017-fuenf","status":"publish","type":"te_announcements","link":"https:\/\/sindenfermeiro.com.br\/index.php\/announcement\/2017-fuenf\/","title":{"rendered":"Fuenf"},"content":{"rendered":"<p>Com objetivo de atuar em causas comuns e ampliar o alcance das entidades representativas, funda-se a Frente \u00danica da Enfermagem (FUEnf).<br \/>\nFormada, no ato de sua funda\u00e7\u00e3o, por Sindicato dos Enfermeiros (SindEnfermeiro- DF), dos Auxiliares e T\u00e9cnicos (Sindate- DF), Associa\u00e7\u00e3o Brasileira (ABEn-DF) e Conselho Regional de Enfermagem (Coren-DF), o grupo atua em prol de melhorias na Enfermagem do Distrito Federal.<br \/>\nAinda em 2017, a Associa\u00e7\u00e3o Brasileira de Obstetrizes e Enfermeiros Obstetras (ABENFO-DF) junta-se ao colegiado.<\/p>\n","protected":false},"parent":0,"template":"","class_list":["post-30272","te_announcements","type-te_announcements","status-publish","hentry"],"announcement_date":"Announcement Date: 09\/01\/2017","announcement_image":false,"_links":{"self":[{"href":"https:\/\/sindenfermeiro.com.br\/index.php\/wp-json\/wp\/v2\/announcement\/30272","targetHints":{"allow":["GET"]}}],"collection":[{"href":"https:\/\/sindenfermeiro.com.br\/index.php\/wp-json\/wp\/v2\/announcement"}],"about":[{"href":"https:\/\/sindenfermeiro.com.br\/index.php\/wp-json\/wp\/v2\/types\/te_announcements"}],"wp:attachment":[{"href":"https:\/\/sindenfermeiro.com.br\/index.php\/wp-json\/wp\/v2\/media?parent=30272"}],"curies":[{"name":"wp","href":"https:\/\/api.w.org\/{rel}","templated":true}]}}

<p>Com objetivo de atuar em causas comuns e ampliar o alcance das entidades representativas, funda-se a Frente Única da Enfermagem (FUEnf).<br />
Formada, no ato de sua fundação, por Sindicato dos Enfermeiros (SindEnfermeiro- DF), dos Auxiliares e Técnicos (Sindate- DF), Associação Brasileira (ABEn-DF) e Conselho Regional de Enfermagem (Coren-DF), o grupo atua em prol de melhorias na Enfermagem do Distrito Federal.<br />
Ainda em 2017, a Associação Brasileira de Obstetrizes e Enfermeiros Obstetras (ABENFO-DF) junta-se ao colegiado.</p>
