{"id":30145,"date":"2019-08-15T09:37:41","date_gmt":"2019-08-15T12:37:41","guid":{"rendered":"https:\/\/sindenfermeiro.com.br\/?post_type=te_announcements&#038;p=30145"},"modified":"2026-04-26T12:32:17","modified_gmt":"2026-04-26T15:32:17","slug":"2016-mobilizacao-contra-as-organizacoes-sociais-os","status":"publish","type":"te_announcements","link":"https:\/\/sindenfermeiro.com.br\/index.php\/announcement\/2016-mobilizacao-contra-as-organizacoes-sociais-os\/","title":{"rendered":"Mobiliza\u00e7\u00e3o contra as Organiza\u00e7\u00f5es Sociais (OS)"},"content":{"rendered":"<p>Em um contexto de crise econ\u00f4mica e pol\u00edtica, em todo o pa\u00eds e no Distrito Federal, o SindEnfermeiro engaja- se na luta contra a implementa\u00e7\u00e3o de Organiza\u00e7\u00f5es Sociais (OS), no servi\u00e7o de sa\u00fade.<br \/>\nA atua\u00e7\u00e3o do sindicato, junto \u00e0 C\u00e2mara Legislativa (CLDF) e a mobiliza\u00e7\u00e3o &#8211; tanto junto \u00e0 categoria, quanto \u00e0 popula\u00e7\u00e3o &#8211; \u00e9 fundamental para evitar que institui\u00e7\u00f5es privadas assumam o gerenciamento de unidades de sa\u00fade, no DF.<\/p>\n","protected":false},"parent":0,"template":"","class_list":["post-30145","te_announcements","type-te_announcements","status-publish","hentry"],"announcement_date":"Announcement Date: 01\/01\/2016","announcement_image":false,"_links":{"self":[{"href":"https:\/\/sindenfermeiro.com.br\/index.php\/wp-json\/wp\/v2\/announcement\/30145","targetHints":{"allow":["GET"]}}],"collection":[{"href":"https:\/\/sindenfermeiro.com.br\/index.php\/wp-json\/wp\/v2\/announcement"}],"about":[{"href":"https:\/\/sindenfermeiro.com.br\/index.php\/wp-json\/wp\/v2\/types\/te_announcements"}],"wp:attachment":[{"href":"https:\/\/sindenfermeiro.com.br\/index.php\/wp-json\/wp\/v2\/media?parent=30145"}],"curies":[{"name":"wp","href":"https:\/\/api.w.org\/{rel}","templated":true}]}}

Mobilização contra as Organizações Sociais (OS)

<p>Em um contexto de crise econômica e política, em todo o país e no Distrito Federal, o SindEnfermeiro engaja- se na luta contra a implementação de Organizações Sociais (OS), no serviço de saúde.<br />
A atuação do sindicato, junto à Câmara Legislativa (CLDF) e a mobilização &#8211; tanto junto à categoria, quanto à população &#8211; é fundamental para evitar que instituições privadas assumam o gerenciamento de unidades de saúde, no DF.</p>
