{"id":30102,"date":"2019-08-15T09:35:57","date_gmt":"2019-08-15T12:35:57","guid":{"rendered":"https:\/\/sindenfermeiro.com.br\/?post_type=te_announcements&#038;p=30102"},"modified":"2026-04-26T12:24:10","modified_gmt":"2026-04-26T15:24:10","slug":"2007-reducao-da-carga-horaria","status":"publish","type":"te_announcements","link":"https:\/\/sindenfermeiro.com.br\/index.php\/announcement\/2007-reducao-da-carga-horaria\/","title":{"rendered":"Redu\u00e7\u00e3o da carga hor\u00e1ria"},"content":{"rendered":"<p>O SEDF conquista almejada redu\u00e7\u00e3o de carga hor\u00e1ria &#8211; de 24 para 20 horas semanais -, por meio da Lei 4.014\/07, votada na C\u00e2mara Legislativa do DF (CLDF) e sancionada pelo governador Jos\u00e9 Roberto Arruda.<\/p>\n","protected":false},"parent":0,"template":"","class_list":["post-30102","te_announcements","type-te_announcements","status-publish","hentry"],"announcement_date":"Announcement Date: 02\/01\/2007","announcement_image":false,"_links":{"self":[{"href":"https:\/\/sindenfermeiro.com.br\/index.php\/wp-json\/wp\/v2\/announcement\/30102","targetHints":{"allow":["GET"]}}],"collection":[{"href":"https:\/\/sindenfermeiro.com.br\/index.php\/wp-json\/wp\/v2\/announcement"}],"about":[{"href":"https:\/\/sindenfermeiro.com.br\/index.php\/wp-json\/wp\/v2\/types\/te_announcements"}],"wp:attachment":[{"href":"https:\/\/sindenfermeiro.com.br\/index.php\/wp-json\/wp\/v2\/media?parent=30102"}],"curies":[{"name":"wp","href":"https:\/\/api.w.org\/{rel}","templated":true}]}}

Redução da carga horária

<p>O SEDF conquista almejada redução de carga horária &#8211; de 24 para 20 horas semanais -, por meio da Lei 4.014/07, votada na Câmara Legislativa do DF (CLDF) e sancionada pelo governador José Roberto Arruda.</p>
